80 + -478. Suppose 0 = -4*g + q + 1007, -s*q - 874 = -v*g + 128. Is g composite?
True
Suppose 0 = 4*d - 20, a + 2*a - 12701 = -4*d. Is a composite?
True
Suppose -2*v - g = -2678, 2*v - 2672 = 2*g - 6*g. Let m = v - 595. Is m prime?
False
Let q = -67 - -85. Let m be 8/36 + (-166)/q. Let r(p) = -72*p - 17. Is r(m) a prime number?
True
Suppose 7*f - 61 = 93. Suppose 5*b = -2*g - 0*b + 19, 5*g - f = -4*b. Suppose 1035 = g*i + 3*i + 5*t, -t = 3*i - 617. Is i prime?
False
Let d be (-2)/(-5 + 91224/18246). Suppose 4*o - 2*h + 6*h - 6100 = 0, -5*h - d = -4*o. Is o composite?
False
Let v be (306/15)/(1/5). Let t be (-5564)/(-20) + -6 + (-272)/(-40). Let z = t - v. Is z a composite number?
True
Suppose -z = -3*r - 55 + 12, r = -1. Let a(i) = -8*i + z*i**2 - 3*i + 7*i + 9. Is a(4) composite?
True
Suppose 15980 = -5*v + 10*v. Let i = v + -2131. Suppose 21*n = 26*n - i. Is n a prime number?
False
Suppose 6009*m - 6005*m - 1751236 = 0. Is m composite?
False
Let n(j) = -8*j + 112. Let z be n(14). Suppose -13*c + 31994 + 129323 = z. Is c a prime number?
True
Is ((-6)/10)/((-360)/52102200) composite?
False
Suppose 5*s - 318705 = -5*n, 2*n - 4*n = s - 63745. Is s composite?
False
Let n be (-2 - -49831) + (0 - (9 - 4)). Let w = n - 29695. Is w a prime number?
True
Let k(v) = v**3 - 4*v**2 + 66*v - 230. Is k(39) prime?
True
Let y(d) = d**3 + 16*d**2 + 13*d - 21. Let h be y(-15). Suppose -4*o - 6861 = -h*o + 4*q, 2*o - 2746 = 2*q. Is o prime?
False
Let w be (-16)/8 - (0 - -8). Let j be 3 - (-6)/(-4) - 35/w. Is -7 + -2 + j + 257/1 a composite number?
True
Let u(n) = -n**3 - 17*n**2 + 6*n - 5. Let l be u(-18). Suppose -6*j + 977 = -l. Let r = 287 - j. Is r a composite number?
False
Let t(y) = y**3 + 10*y**2 + 10*y - 14. Let m be (1*6)/(87/(-116)). Is t(m) composite?
True
Suppose -8*g + m = -4*g + 5, -4*m = 7*g + 26. Is g*(3 + (-29050)/20) prime?
False
Suppose -23 = 14*x - 10369. Let r = 2396 - x. Is r a composite number?
False
Let h = 144 - 141. Suppose h*o - 1247 = 1474. Is o composite?
False
Suppose -39*m + 61*m = 203038. Is m prime?
False
Is 32011 - 36/24*8 a composite number?
True
Let i be (10/(-36) - 4/18)*-2. Let o be i/(3/24) + -3. Suppose 300 - 55 = o*g. Is g a prime number?
False
Suppose 122971 = 5*g + 2*l, -5*g + 39375 = 4*l - 83602. Is g prime?
True
Let b(v) = -3*v + 0*v - 2 + 4*v - 3*v. Let s be b(-12). Suppose -17*t - 2575 = -s*t. Is t prime?
False
Let j(d) = -536*d**3 - 27*d**2 + 40*d + 171. Is j(-12) composite?
True
Let b = 353 + -363. Is (2 - 39458/b)/((-6)/(-30)) a prime number?
True
Let y = 853472 - 464891. Is y a prime number?
False
Let l = 2440 - 919. Let i = -784 + l. Is i a composite number?
True
Is 24/(-44) - (-2465355)/165 a prime number?
False
Let h = 35 - 37. Let w be (1/h)/(1/(-2978)). Suppose -2*l = -s - w, -5*l - s - s = -3727. Is l prime?
False
Let b be (-32)/(-12)*(-3)/(-4). Let n(a) = 672*a**2 + 15*a + 1. Is n(b) prime?
True
Let l be (-1)/(5/(-248134)) + 320/(-400). Is (-8)/12*l/(-36) a prime number?
True
Suppose 272 = -23*m - 372. Is 43636*((-2)/8 - 14/m) a composite number?
False
Let f(n) be the third derivative of -n**4/24 - n**3/6 - 24*n**2. Let t be f(-19). Is (-2778)/(-36) - 3/t a composite number?
True
Suppose 3*t - 4*t = 5120. Let h = -1777 - t. Is h a prime number?
True
Let d(f) = 32*f**2 + 3*f + 31. Let c be d(-7). Let g = c - 496. Is g prime?
False
Let d(u) = -42*u**3 - 5*u - 7. Let w be d(-3). Let z be ((-8)/10)/((-4)/(-10)). Is (w/(-8))/(z/8) a prime number?
True
Suppose 474386 = -39*z + 41*z - h, -5*z + 3*h = -1185967. Is z composite?
True
Let r be 2/1 - (-3 + -6 + 7). Suppose 2*g + m + 392 = 3*g, 3*m - 1603 = -r*g. Is g prime?
True
Suppose -4*r = -138332 - 11192. Is r composite?
True
Is 14778 - 10/(-40)*20 composite?
False
Let m = 7112 - -6761. Is m composite?
False
Let c be (-7 + (0/4)/4)*1. Is 7 + c + 5 - -11264 a prime number?
False
Suppose 0 = -2*n + 148*i - 152*i + 757534, 4*i = -24. Is n a prime number?
True
Let h(x) be the third derivative of 11*x**5/10 - 5*x**4/6 - 53*x**3/6 - 29*x**2. Is h(-9) prime?
False
Let w(y) = -487*y + 37. Let d be w(-16). Suppose -39181 = -4*t - t + 2*v, t - 4*v = d. Is t prime?
False
Let b = 164 - 159. Is 3*(b + 2114/21) composite?
False
Suppose 0 = 60*v + 681392 - 2415932. Is v composite?
False
Let y = 539 + 2090. Suppose 0 = -6*n + y + 113. Is n a prime number?
True
Is (1 - (-22)/(-18)) + (-2805436084)/(-4068) composite?
True
Suppose 37756316 = 61*p - 18224421. Is p a prime number?
False
Let i(k) = 4*k - 1. Let w be i(1). Suppose -8*g + w*g = -15. Suppose g*a - 1239 = -0*a. Is a a prime number?
False
Let n = 42051 - 30040. Is n a composite number?
False
Suppose 3*c - 133446 = u, 5*c - 16*u = -11*u + 222400. Is c prime?
True
Suppose -1121112 = 29*l - 3812921. Is l a composite number?
False
Suppose 5*i - i = -2*o - 10, 5*i - 2*o + 35 = 0. Let s(y) = 35*y**2 + 3*y + 11. Is s(i) composite?
True
Let o = 458544 + -26779. Is o prime?
False
Suppose 0 = -3*w + 7*w - 1060. Let h = -879 + w. Is h*((-9)/6 + 1) a prime number?
True
Let t = -19145 + 169432. Is t composite?
False
Let h be (((-205)/3)/(-5))/((-2)/(-12552)). Is (-54)/(-126) - h/(-14) composite?
True
Let m = -924115 + 1932746. Is m a prime number?
False
Let d(s) be the first derivative of -23*s**5/20 - s**4/3 - s**3 - 3*s**2/2 - 41*s + 3. Let r(j) be the first derivative of d(j). Is r(-2) prime?
False
Let v(l) = 7581*l**2 - 16*l - 16. Is v(-3) a composite number?
False
Suppose -15 = 5*x, -s - 29 = -5*s + 3*x. Suppose -3508 = -5*a + o, -5*o = -s*a + 2901 + 619. Is a a composite number?
False
Is (17 - 51283/2)*(-2)/3 composite?
True
Suppose 1013 + 20579 = 8*n. Let l = n + -1860. Is l a prime number?
True
Let m be (28/(-6))/(3 + 212/(-72)). Let l = m + 105. Let f = l - -136. Is f a prime number?
True
Suppose -7*x + 18808 = 3*i - 11*x, -4*x = 16. Suppose i + 32848 = 8*a. Is a a composite number?
False
Let z(f) = -4034*f - 11. Suppose -5*j = 3*b + 4, -6 = j - 0*j - 2*b. Is z(j) a prime number?
False
Let s = -496714 + 941055. Is s prime?
True
Let s = 808117 - 19508. Is s a prime number?
False
Suppose 153*v - 1304923 = -356782. Let h(o) = o + 2583. Let t be h(0). Suppose -v = -4*w + t. Is w composite?
True
Is ((-3)/(-9))/(2/13038) - -6 a composite number?
False
Let m = 43 - 44. Let u be 6 + 20 + 3*m. Suppose 26*f - 903 = u*f. Is f a prime number?
False
Let t = 577 - 582. Is 1916*t/(-30)*3 a prime number?
False
Suppose -145*v - 35 = -146*v. Suppose -v*c + 39*c = 41044. Is c a prime number?
False
Suppose 2*y + 3*q = 441139, 844*q - 220567 = -y + 842*q. Is y composite?
True
Is (-10)/(-65) - 838522/(-26) prime?
True
Suppose -2*r - 2908 = 2*r. Let l be (-18)/24*(623 + 2/2). Let s = l - r. Is s prime?
False
Let l = 7 + 8. Let k(p) be the first derivative of 55*p**2/2 - 16*p + 64. Is k(l) composite?
False
Let m be (11/2)/(((-2)/(-12))/(-1)). Let a = -28 - m. Suppose 0 = a*o - 3927 - 3868. Is o composite?
False
Let w be ((-16)/(-20))/(((-8)/659830)/2). Is (-14)/(-105) + w/(-30) prime?
False
Suppose 0 = 40*z + 40*z - 11565771 - 3411109. Is z a prime number?
True
Let j(i) = 100774*i + 11117. Is j(6) prime?
True
Suppose -4*r = 19 + 173. Let j be r/(-84) - 972/(-14). Suppose -114*g + j = -112*g. Is g a composite number?
True
Let y(r) = 7*r**2 - 16*r + 12. Suppose 4*u = -k - 48, u - 4*k + 12 = -0*k. Let a be y(u). Suppose 10*j - 14*j = -a. Is j prime?
False
Let o = -1374 - -4248. Suppose 348*i - o = 342*i. Is i a composite number?
False
Suppose 5*l = 5*x + 776505, 2*l - 47*x = -49*x + 310594. Is l prime?
True
Suppose 2*k = -0*k + 58. Suppose k*x = 22*x + 6951. Is x composite?
True
Let v(t) = 5639*t**2 + 222*t + 10. Is v(-9) prime?
False
Let t(r) = 6*r**2 + r - 3. Let a be t(-2). Suppose -a = -h + 5*d, 2*d = h - 9 - 1. Is (-1)/h*-3166*2 a composite number?
False
Let o be 9/(-4)*((-112)/12)/7. Suppose 121 = o*z - 242. Let i = z + -82. Is i a prime number?
False
Suppose 4*c - 6*t = -2*t + 196, -5*c = -3*t - 237. Let y = c + -8. Suppose -y*l + 40*l = 1143. Is l a prime number?
False
Let t(n) = -472*n - 25. Let j be t(12). Let h = 17594 + j. Is h a prime number?
False
Suppose -5*r - 4 = -5*u + 1, -12 = -5*u - 2*r. Suppose 0 = j - 5*c - 372, -u*j = 9*c - 6*c - 770. Is j a composite number?
True
Suppose -85 = -5*l + 3*c + 390, -4*l + 380 = -c. Let h be 1/(